 when 17607 is divided by 30?
27
What is the remainder when 151 is divided by 17?
15
What is the remainder when 651 is divided by 229?
193
What is the remainder when 10792 is divided by 34?
14
Calculate the remainder when 59 is divided by 48.
11
What is the remainder when 588 is divided by 24?
12
What is the remainder when 129 is divided by 126?
3
What is the remainder when 1061 is divided by 263?
9
What is the remainder when 403 is divided by 31?
0
What is the remainder when 154 is divided by 11?
0
Calculate the remainder when 153 is divided by 16.
9
What is the remainder when 2081 is divided by 87?
80
What is the remainder when 1162 is divided by 379?
25
What is the remainder when 608 is divided by 514?
94
What is the remainder when 164 is divided by 115?
49
Calculate the remainder when 205 is divided by 95.
15
What is the remainder when 313 is divided by 172?
141
Calculate the remainder when 568 is divided by 178.
34
Calculate the remainder when 452 is divided by 96.
68
Calculate the remainder when 814 is divided by 12.
10
What is the remainder when 2481 is divided by 413?
3
Calculate the remainder when 349 is divided by 17.
9
What is the remainder when 874 is divided by 6?
4
What is the remainder when 498 is divided by 18?
12
What is the remainder when 381 is divided by 11?
7
What is the remainder when 3815 is divided by 89?
77
What is the remainder when 5630 is divided by 161?
156
What is the remainder when 165 is divided by 25?
15
Calculate the remainder when 458 is divided by 162.
134
Calculate the remainder when 2121 is divided by 118.
115
What is the remainder when 1340 is divided by 84?
80
What is the remainder when 1299 is divided by 16?
3
Calculate the remainder when 294 is divided by 92.
18
What is the remainder when 443 is divided by 43?
13
Calculate the remainder when 975 is divided by 315.
30
Calculate the remainder when 487 is divided by 35.
32
Calculate the remainder when 85 is divided by 38.
9
Calculate the remainder when 355 is divided by 66.
25
Calculate the remainder when 45 is divided by 15.
0
Calculate the remainder when 4877 is divided by 9.
8
What is the remainder when 148 is divided by 12?
4
Calculate the remainder when 81 is divided by 23.
12
Calculate the remainder when 203 is divided by 69.
65
Calculate the remainder when 1199 is divided by 7.
2
What is the remainder when 1860 is divided by 23?
20
Calculate the remainder when 922 is divided by 285.
67
What is the remainder when 16 is divided by 6?
4
What is the remainder when 193 is divided by 54?
31
What is the remainder when 133 is divided by 9?
7
What is the remainder when 231 is divided by 38?
3
Calculate the remainder when 141 is divided by 24.
21
What is the remainder when 9722 is divided by 13?
11
Calculate the remainder when 177 is divided by 15.
12
Calculate the remainder when 446 is divided by 30.
26
Calculate the remainder when 132 is divided by 19.
18
What is the remainder when 36 is divided by 21?
15
What is the remainder when 2414 is divided by 39?
35
What is the remainder when 149 is divided by 55?
39
Calculate the remainder when 1577 is divided by 20.
17
Calculate the remainder when 1915 is divided by 424.
219
What is the remainder when 15 is divided by 4?
3
Calculate the remainder when 179 is divided by 54.
17
Calculate the remainder when 1286 is divided by 34.
28
Calculate the remainder when 2885 is divided by 69.
56
What is the remainder when 627 is divided by 70?
67
Calculate the remainder when 146 is divided by 22.
14
Calculate the remainder when 103 is divided by 40.
23
What is the remainder when 433 is divided by 62?
61
What is the remainder when 1340 is divided by 28?
24
Calculate the remainder when 8519 is divided by 105.
14
Calculate the remainder when 798 is divided by 101.
91
What is the remainder when 391 is divided by 101?
88
Calculate the remainder when 123 is divided by 9.
6
What is the remainder when 306 is divided by 22?
20
Calculate the remainder when 129 is divided by 23.
14
What is the remainder when 425 is divided by 33?
29
What is the remainder when 3947 is divided by 84?
83
What is the remainder when 157 is divided by 16?
13
Calculate the remainder when 102 is divided by 13.
11
Calculate the remainder when 444 is divided by 149.
146
What is the remainder when 124 is divided by 115?
9
What is the remainder when 113 is divided by 23?
21
Calculate the remainder when 54 is divided by 32.
22
What is the remainder when 382 is divided by 26?
18
What is the remainder when 1598 is divided by 41?
40
Calculate the remainder when 2855 is divided by 18.
11
What is the remainder when 1288 is divided by 15?
13
Calculate the remainder when 574 is divided by 163.
85
What is the remainder when 191 is divided by 66?
59
What is the remainder when 83 is divided by 65?
18
Calculate the remainder when 270 is divided by 148.
122
What is the remainder when 697 is divided by 114?
13
Calculate the remainder when 253 is divided by 55.
33
What is the remainder when 8689 is divided by 82?
79
Calculate the remainder when 622 is divided by 42.
34
Calculate the remainder when 611 is divided by 301.
9
Calculate the remainder when 159 is divided by 40.
39
What is the remainder when 133 is divided by 72?
61
What is the remainder when 14806 is divided by 13?
12
What is the remainder when 8315 is divided by 66?
65
Calculate the remainder when 168 is divided by 84.
0
Calculate the remainder when 3626 is divided by 117.
116
Calculate the remainder when 272 is divided by 47.
37
Calculate the remainder when 1761 is divided by 240.
81
What is the remainder when 1746 is divided by 125?
121
Calculate the remainder when 784 is divided by 232.
88
Calculate the remainder when 248 is divided by 23.
18
Calculate the remainder when 3130 is divided by 35.
15
Calculate the remainder when 2555 is divided by 3.
2
Calculate the remainder when 79 is divided by 11.
2
What is the remainder when 837 is divided by 107?
88
What is the remainder when 2149 is divided by 9?
7
Calculate the remainder when 224 is divided by 5.
4
Calculate the remainder when 460 is divided by 2.
0
What is the remainder when 40 is divided by 32?
8
Calculate the remainder when 283 is divided by 11.
8
Calculate the remainder when 137 is divided by 126.
11
Calculate the remainder when 66 is divided by 19.
9
Calculate the remainder when 1701 is divided by 190.
181
What is the remainder when 4072 is divided by 73?
57
What is the remainder when 133 is divided by 74?
59
What is the remainder when 626 is divided by 229?
168
What is the remainder when 1983 is divided by 16?
15
What is the remainder when 189 is divided by 4?
1
What is the remainder when 34 is divided by 19?
15
Calculate the remainder when 677 is divided by 8.
5
Calculate the remainder when 448 is divided by 50.
48
What is the remainder when 4342 is divided by 79?
76
What is the remainder when 389 is divided by 7?
4
Calculate the remainder when 4270 is divided by 25.
20
What is the remainder when 2900 is divided by 117?
92
Calculate the remainder when 104 is divided by 37.
30
What is the remainder when 321 is divided by 6?
3
What is the remainder when 50 is divided by 13?
11
Calculate the remainder when 1757 is divided by 28.
21
What is the remainder when 592 is divided by 25?
17
What is the remainder when 208 is divided by 96?
16
Calculate the remainder when 815 is divided by 16.
15
What is the remainder when 207 is divided by 75?
57
Calculate the remainder when 335 is divided by 7.
6
What is the remainder when 1152 is divided by 5?
2
What is the remainder when 112 is divided by 9?
4
Calculate the remainder when 245 is divided by 36.
29
What is the remainder when 4143 is divided by 74?
73
Calculate the remainder when 159 is divided by 40.
39
What is the remainder when 30815 is divided by 19?
16
What is the remainder when 67 is divided by 34?
33
Calculate the remainder when 5 is divided by 2.
1
What is the remainder when 245 is divided by 1?
0
Calculate the remainder when 1876 is divided by 468.
4
What is the remainder when 4452 is divided by 33?
30
Calculate the remainder when 284 is divided by 13.
11
Calculate the remainder when 1329 is divided by 207.
87
Calculate the remainder when 101 is divided by 49.
3
What is the remainder when 3585 is divi